{"id":487,"date":"2021-03-19T17:36:54","date_gmt":"2021-03-19T17:36:54","guid":{"rendered":"https:\/\/tasimaliegitim.com\/blog\/?page_id=487"},"modified":"2023-08-11T06:32:22","modified_gmt":"2023-08-11T06:32:22","slug":"hakkimizda","status":"publish","type":"page","link":"https:\/\/tasimaliegitim.com\/blog\/hakkimizda\/","title":{"rendered":"Hakk\u0131m\u0131zda"},"content":{"rendered":"\n<p>Ta\u015f\u0131mal\u0131 e\u011fitim, \u00fclkemizdeki \u00f6\u011frencilerin yerle\u015fim yerlerinden ara\u00e7lar vas\u0131tas\u0131yla merkezi okullarda e\u011fitim almas\u0131n\u0131 sa\u011flayan bir e\u011fitim modelidir. Bu sistemde okul y\u00f6netimleri, veliler, \u00f6\u011frenciler, \u00f6\u011fretmenler ve servis sa\u011flay\u0131c\u0131lar\u0131 bir araya gelerek i\u015fbirli\u011fi yapar. Biz, 1997 y\u0131l\u0131nda servis ta\u015f\u0131mac\u0131l\u0131\u011f\u0131 alan\u0131na ad\u0131m atarak bu \u00f6nemli sistemin bir par\u00e7as\u0131 olduk.<\/p>\n\n\n\n<p>Vizyonumuz, devletimiz ve milletimiz ad\u0131na hizmet kalitesini y\u00fckseltmektir. Bu hedefe ula\u015fmak i\u00e7in toplulu\u011fumuzun ortak kabul etti\u011fi standartlar\u0131 olu\u015fturup, y\u00fcksek nitelikli hizmetler sunmaya odaklan\u0131yoruz.  Ayn\u0131 zamanda, ihalelerdeki haks\u0131z rekabeti \u00f6nlemek, do\u011fru tekliflerin verilmesini sa\u011flamak ve tekelle\u015fmeyi engellemek istiyoruz. Adil tekliflerin sunulmas\u0131n\u0131 sa\u011flamak ve ihalelere kat\u0131l\u0131m sa\u011flayan firma \u00e7e\u015fitlili\u011fini art\u0131rmak i\u00e7in \u00e7aba g\u00f6steriyoruz.<\/p>\n\n\n\n<p>Do\u011fru teklif verme yetene\u011fi olmayan bir firman\u0131n, bu konuda deneyimli bir firma ile ayn\u0131 ko\u015fullarda yar\u0131\u015ft\u0131r\u0131lmas\u0131, rekabetin adil ve sa\u011fl\u0131kl\u0131 bir \u015fekilde s\u00fcrd\u00fcr\u00fclmesine katk\u0131da bulunur. Bu \u015fekilde, her il ve il\u00e7ede bulunan firmalar\u0131n ihalelere daha fazla kat\u0131l\u0131m sa\u011flamas\u0131 ve pozitif bir rekabet ortam\u0131n\u0131n olu\u015fturulmas\u0131 hedeflenmektedir.<\/p>\n\n\n\n<p>Bu ama\u00e7lar\u0131 ger\u00e7ekle\u015ftirmek ad\u0131na, uzun y\u0131llard\u0131r ihale s\u00fcre\u00e7lerini K\u0130K kararlar\u0131n\u0131 detayl\u0131 bir \u015fekilde inceleyerek \u00f6nemli deneyimler edindik. Bu birikimi  t\u00fcm sekt\u00f6r payda\u015flar\u0131yla payla\u015fmay\u0131 ama\u00e7lad\u0131k. Yaz\u0131l\u0131m ve teknoloji alan\u0131nda g\u00f6n\u00fcll\u00fc bir ekip olu\u015fturarak bu hizmetleri \u00fccretsiz bir \u015fekilde sunuyoruz. \u00d6zellikle, \u00fclkemizin en b\u00fcy\u00fck Okul-Firma-S\u00fcr\u00fcc\u00fc>Hostes>Veliler>\u00d6\u011frenci y\u00f6netim sistemi altyap\u0131s\u0131n\u0131 olu\u015fturmak i\u00e7in yakla\u015f\u0131k 3 y\u0131l s\u00fcren bir \u00e7aban\u0131n ard\u0131ndan altyap\u0131m\u0131z\u0131 tamamlad\u0131k.<\/p>\n\n\n\n<p>S\u00fcrekli testler ve b\u00fcy\u00fck bir \u00f6zveriyle, maddi kaynaklar\u0131n s\u0131n\u0131rl\u0131 oldu\u011fu bir ortamda yaz\u0131l\u0131m ve sunucu altyap\u0131m\u0131z\u0131 ad\u0131m ad\u0131m in\u015fa ettik.<\/p>\n\n\n\n<p>\u00dcr\u00fcn ve hizmetlerimizi \u00fccretsiz sunarak, sekt\u00f6r\u00fcn geli\u015fimine destek vermeye devam edece\u011fiz. E\u011fitim ve ta\u015f\u0131ma sekt\u00f6r\u00fcne y\u00f6nelik deste\u011fimiz s\u00fcreklilik arz edecek.<\/p>\n\n\n\n<p>Amac\u0131m\u0131z, toplumun ve e\u011fitim sekt\u00f6r\u00fcn\u00fcn geli\u015fimine destek sa\u011flamakt\u0131r. Ekibimizde yaz\u0131l\u0131m m\u00fchendisleri, bilgisayar m\u00fchendisleri, bilgisayar teknikerleri, yaz\u0131l\u0131m uzmanlar\u0131, servis firmas\u0131 sahipleri, s\u00fcr\u00fcc\u00fcler, hostesler, \u00f6\u011fretmenler ve veliler &nbsp;bulunmaktad\u0131r. Bu payda\u015flar\u0131m\u0131z, g\u00f6n\u00fcll\u00fc olarak bir araya gelerek daha iyi bir gelece\u011fe katk\u0131da bulunmay\u0131 ama\u00e7lamaktad\u0131r.<\/p>\n","protected":false},"excerpt":{"rendered":"<p>Ta\u015f\u0131mal\u0131 e\u011fitim, \u00fclkemizdeki \u00f6\u011frencilerin yerle\u015fim yerlerinden ara\u00e7lar vas\u0131tas\u0131yla merkezi okullarda e\u011fitim almas\u0131n\u0131 sa\u011flayan bir e\u011fitim modelidir. Bu sistemde okul y\u00f6netimleri, veliler, \u00f6\u011frenciler, \u00f6\u011fretmenler ve servis sa\u011flay\u0131c\u0131lar\u0131 bir araya gelerek i\u015fbirli\u011fi yapar. Biz, 1997 y\u0131l\u0131nda servis ta\u015f\u0131mac\u0131l\u0131\u011f\u0131 alan\u0131na ad\u0131m atarak bu \u00f6nemli sistemin bir par\u00e7as\u0131 olduk. Vizyonumuz, devletimiz ve milletimiz ad\u0131na hizmet kalitesini y\u00fckseltmektir. Bu hedefe&#8230;<\/p>\n","protected":false},"author":2,"featured_media":521,"parent":0,"menu_order":0,"comment_status":"closed","ping_status":"closed","template":"","meta":{"footnotes":""},"class_list":["post-487","page","type-page","status-publish","has-post-thumbnail","hentry"],"yoast_head":"<!-- This site is optimized with the Yoast SEO plugin v27.0 - https:\/\/yoast.com\/product\/yoast-seo-wordpress\/ -->\n<title>Hakk\u0131m\u0131zda | Ta\u015f\u0131mal\u0131 E\u011fitim Blog<\/title>\n<meta name=\"robots\" content=\"index, follow, max-snippet:-1, max-image-preview:large, max-video-preview:-1\" \/>\n<link rel=\"canonical\" href=\"https:\/\/tasimaliegitim.com\/blog\/hakkimizda\/\" \/>\n<meta property=\"og:locale\" content=\"tr_TR\" \/>\n<meta property=\"og:type\" content=\"article\" \/>\n<meta property=\"og:title\" content=\"Hakk\u0131m\u0131zda | Ta\u015f\u0131mal\u0131 E\u011fitim Blog\" \/>\n<meta property=\"og:description\" content=\"Ta\u015f\u0131mal\u0131 e\u011fitim, \u00fclkemizdeki \u00f6\u011frencilerin yerle\u015fim yerlerinden ara\u00e7lar vas\u0131tas\u0131yla merkezi okullarda e\u011fitim almas\u0131n\u0131 sa\u011flayan bir e\u011fitim modelidir. Bu sistemde okul y\u00f6netimleri, veliler, \u00f6\u011frenciler, \u00f6\u011fretmenler ve servis sa\u011flay\u0131c\u0131lar\u0131 bir araya gelerek i\u015fbirli\u011fi yapar. Biz, 1997 y\u0131l\u0131nda servis ta\u015f\u0131mac\u0131l\u0131\u011f\u0131 alan\u0131na ad\u0131m atarak bu \u00f6nemli sistemin bir par\u00e7as\u0131 olduk. Vizyonumuz, devletimiz ve milletimiz ad\u0131na hizmet kalitesini y\u00fckseltmektir. Bu hedefe...\" \/>\n<meta property=\"og:url\" content=\"https:\/\/tasimaliegitim.com\/blog\/hakkimizda\/\" \/>\n<meta property=\"og:site_name\" content=\"Ta\u015f\u0131mal\u0131 E\u011fitim Blog\" \/>\n<meta property=\"article:modified_time\" content=\"2023-08-11T06:32:22+00:00\" \/>\n<meta name=\"twitter:card\" content=\"summary_large_image\" \/>\n<meta name=\"twitter:label1\" content=\"Tahmini okuma s\u00fcresi\" \/>\n\t<meta name=\"twitter:data1\" content=\"2 dakika\" \/>\n<script type=\"application\/ld+json\" class=\"yoast-schema-graph\">{\"@context\":\"https:\/\/schema.org\",\"@graph\":[{\"@type\":\"WebPage\",\"@id\":\"https:\/\/tasimaliegitim.com\/blog\/hakkimizda\/\",\"url\":\"https:\/\/tasimaliegitim.com\/blog\/hakkimizda\/\",\"name\":\"Hakk\u0131m\u0131zda | Ta\u015f\u0131mal\u0131 E\u011fitim Blog\",\"isPartOf\":{\"@id\":\"https:\/\/tasimaliegitim.com\/blog\/#website\"},\"primaryImageOfPage\":{\"@id\":\"https:\/\/tasimaliegitim.com\/blog\/hakkimizda\/#primaryimage\"},\"image\":{\"@id\":\"https:\/\/tasimaliegitim.com\/blog\/hakkimizda\/#primaryimage\"},\"thumbnailUrl\":\"https:\/\/tasimaliegitim.com\/blog\/wp-content\/uploads\/2021\/10\/resim-yok.png\",\"datePublished\":\"2021-03-19T17:36:54+00:00\",\"dateModified\":\"2023-08-11T06:32:22+00:00\",\"breadcrumb\":{\"@id\":\"https:\/\/tasimaliegitim.com\/blog\/hakkimizda\/#breadcrumb\"},\"inLanguage\":\"tr\",\"potentialAction\":[{\"@type\":\"ReadAction\",\"target\":[\"https:\/\/tasimaliegitim.com\/blog\/hakkimizda\/\"]}]},{\"@type\":\"ImageObject\",\"inLanguage\":\"tr\",\"@id\":\"https:\/\/tasimaliegitim.com\/blog\/hakkimizda\/#primaryimage\",\"url\":\"https:\/\/tasimaliegitim.com\/blog\/wp-content\/uploads\/2021\/10\/resim-yok.png\",\"contentUrl\":\"https:\/\/tasimaliegitim.com\/blog\/wp-content\/uploads\/2021\/10\/resim-yok.png\",\"width\":512,\"height\":352},{\"@type\":\"BreadcrumbList\",\"@id\":\"https:\/\/tasimaliegitim.com\/blog\/hakkimizda\/#breadcrumb\",\"itemListElement\":[{\"@type\":\"ListItem\",\"position\":1,\"name\":\"Home\",\"item\":\"https:\/\/tasimaliegitim.com\/blog\/\"},{\"@type\":\"ListItem\",\"position\":2,\"name\":\"Hakk\u0131m\u0131zda\"}]},{\"@type\":\"WebSite\",\"@id\":\"https:\/\/tasimaliegitim.com\/blog\/#website\",\"url\":\"https:\/\/tasimaliegitim.com\/blog\/\",\"name\":\"Ta\u015f\u0131mal\u0131 E\u011fitim Blog\",\"description\":\"\",\"publisher\":{\"@id\":\"https:\/\/tasimaliegitim.com\/blog\/#organization\"},\"potentialAction\":[{\"@type\":\"SearchAction\",\"target\":{\"@type\":\"EntryPoint\",\"urlTemplate\":\"https:\/\/tasimaliegitim.com\/blog\/?s={search_term_string}\"},\"query-input\":{\"@type\":\"PropertyValueSpecification\",\"valueRequired\":true,\"valueName\":\"search_term_string\"}}],\"inLanguage\":\"tr\"},{\"@type\":\"Organization\",\"@id\":\"https:\/\/tasimaliegitim.com\/blog\/#organization\",\"name\":\"ta\u015f\u0131mal\u0131 e\u011fitim\",\"url\":\"https:\/\/tasimaliegitim.com\/blog\/\",\"logo\":{\"@type\":\"ImageObject\",\"inLanguage\":\"tr\",\"@id\":\"https:\/\/tasimaliegitim.com\/blog\/#\/schema\/logo\/image\/\",\"url\":\"https:\/\/tasimaliegitim.com\/blog\/wp-content\/uploads\/2019\/09\/logo-3.png\",\"contentUrl\":\"https:\/\/tasimaliegitim.com\/blog\/wp-content\/uploads\/2019\/09\/logo-3.png\",\"width\":216,\"height\":57,\"caption\":\"ta\u015f\u0131mal\u0131 e\u011fitim\"},\"image\":{\"@id\":\"https:\/\/tasimaliegitim.com\/blog\/#\/schema\/logo\/image\/\"}}]}<\/script>\n<!-- \/ Yoast SEO plugin. -->","yoast_head_json":{"title":"Hakk\u0131m\u0131zda | Ta\u015f\u0131mal\u0131 E\u011fitim Blog","robots":{"index":"index","follow":"follow","max-snippet":"max-snippet:-1","max-image-preview":"max-image-preview:large","max-video-preview":"max-video-preview:-1"},"canonical":"https:\/\/tasimaliegitim.com\/blog\/hakkimizda\/","og_locale":"tr_TR","og_type":"article","og_title":"Hakk\u0131m\u0131zda | Ta\u015f\u0131mal\u0131 E\u011fitim Blog","og_description":"Ta\u015f\u0131mal\u0131 e\u011fitim, \u00fclkemizdeki \u00f6\u011frencilerin yerle\u015fim yerlerinden ara\u00e7lar vas\u0131tas\u0131yla merkezi okullarda e\u011fitim almas\u0131n\u0131 sa\u011flayan bir e\u011fitim modelidir. Bu sistemde okul y\u00f6netimleri, veliler, \u00f6\u011frenciler, \u00f6\u011fretmenler ve servis sa\u011flay\u0131c\u0131lar\u0131 bir araya gelerek i\u015fbirli\u011fi yapar. Biz, 1997 y\u0131l\u0131nda servis ta\u015f\u0131mac\u0131l\u0131\u011f\u0131 alan\u0131na ad\u0131m atarak bu \u00f6nemli sistemin bir par\u00e7as\u0131 olduk. Vizyonumuz, devletimiz ve milletimiz ad\u0131na hizmet kalitesini y\u00fckseltmektir. Bu hedefe...","og_url":"https:\/\/tasimaliegitim.com\/blog\/hakkimizda\/","og_site_name":"Ta\u015f\u0131mal\u0131 E\u011fitim Blog","article_modified_time":"2023-08-11T06:32:22+00:00","twitter_card":"summary_large_image","twitter_misc":{"Tahmini okuma s\u00fcresi":"2 dakika"},"schema":{"@context":"https:\/\/schema.org","@graph":[{"@type":"WebPage","@id":"https:\/\/tasimaliegitim.com\/blog\/hakkimizda\/","url":"https:\/\/tasimaliegitim.com\/blog\/hakkimizda\/","name":"Hakk\u0131m\u0131zda | Ta\u015f\u0131mal\u0131 E\u011fitim Blog","isPartOf":{"@id":"https:\/\/tasimaliegitim.com\/blog\/#website"},"primaryImageOfPage":{"@id":"https:\/\/tasimaliegitim.com\/blog\/hakkimizda\/#primaryimage"},"image":{"@id":"https:\/\/tasimaliegitim.com\/blog\/hakkimizda\/#primaryimage"},"thumbnailUrl":"https:\/\/tasimaliegitim.com\/blog\/wp-content\/uploads\/2021\/10\/resim-yok.png","datePublished":"2021-03-19T17:36:54+00:00","dateModified":"2023-08-11T06:32:22+00:00","breadcrumb":{"@id":"https:\/\/tasimaliegitim.com\/blog\/hakkimizda\/#breadcrumb"},"inLanguage":"tr","potentialAction":[{"@type":"ReadAction","target":["https:\/\/tasimaliegitim.com\/blog\/hakkimizda\/"]}]},{"@type":"ImageObject","inLanguage":"tr","@id":"https:\/\/tasimaliegitim.com\/blog\/hakkimizda\/#primaryimage","url":"https:\/\/tasimaliegitim.com\/blog\/wp-content\/uploads\/2021\/10\/resim-yok.png","contentUrl":"https:\/\/tasimaliegitim.com\/blog\/wp-content\/uploads\/2021\/10\/resim-yok.png","width":512,"height":352},{"@type":"BreadcrumbList","@id":"https:\/\/tasimaliegitim.com\/blog\/hakkimizda\/#breadcrumb","itemListElement":[{"@type":"ListItem","position":1,"name":"Home","item":"https:\/\/tasimaliegitim.com\/blog\/"},{"@type":"ListItem","position":2,"name":"Hakk\u0131m\u0131zda"}]},{"@type":"WebSite","@id":"https:\/\/tasimaliegitim.com\/blog\/#website","url":"https:\/\/tasimaliegitim.com\/blog\/","name":"Ta\u015f\u0131mal\u0131 E\u011fitim Blog","description":"","publisher":{"@id":"https:\/\/tasimaliegitim.com\/blog\/#organization"},"potentialAction":[{"@type":"SearchAction","target":{"@type":"EntryPoint","urlTemplate":"https:\/\/tasimaliegitim.com\/blog\/?s={search_term_string}"},"query-input":{"@type":"PropertyValueSpecification","valueRequired":true,"valueName":"search_term_string"}}],"inLanguage":"tr"},{"@type":"Organization","@id":"https:\/\/tasimaliegitim.com\/blog\/#organization","name":"ta\u015f\u0131mal\u0131 e\u011fitim","url":"https:\/\/tasimaliegitim.com\/blog\/","logo":{"@type":"ImageObject","inLanguage":"tr","@id":"https:\/\/tasimaliegitim.com\/blog\/#\/schema\/logo\/image\/","url":"https:\/\/tasimaliegitim.com\/blog\/wp-content\/uploads\/2019\/09\/logo-3.png","contentUrl":"https:\/\/tasimaliegitim.com\/blog\/wp-content\/uploads\/2019\/09\/logo-3.png","width":216,"height":57,"caption":"ta\u015f\u0131mal\u0131 e\u011fitim"},"image":{"@id":"https:\/\/tasimaliegitim.com\/blog\/#\/schema\/logo\/image\/"}}]}},"_links":{"self":[{"href":"https:\/\/tasimaliegitim.com\/blog\/wp-json\/wp\/v2\/pages\/487","targetHints":{"allow":["GET"]}}],"collection":[{"href":"https:\/\/tasimaliegitim.com\/blog\/wp-json\/wp\/v2\/pages"}],"about":[{"href":"https:\/\/tasimaliegitim.com\/blog\/wp-json\/wp\/v2\/types\/page"}],"author":[{"embeddable":true,"href":"https:\/\/tasimaliegitim.com\/blog\/wp-json\/wp\/v2\/users\/2"}],"replies":[{"embeddable":true,"href":"https:\/\/tasimaliegitim.com\/blog\/wp-json\/wp\/v2\/comments?post=487"}],"version-history":[{"count":6,"href":"https:\/\/tasimaliegitim.com\/blog\/wp-json\/wp\/v2\/pages\/487\/revisions"}],"predecessor-version":[{"id":682,"href":"https:\/\/tasimaliegitim.com\/blog\/wp-json\/wp\/v2\/pages\/487\/revisions\/682"}],"wp:featuredmedia":[{"embeddable":true,"href":"https:\/\/tasimaliegitim.com\/blog\/wp-json\/wp\/v2\/media\/521"}],"wp:attachment":[{"href":"https:\/\/tasimaliegitim.com\/blog\/wp-json\/wp\/v2\/media?parent=487"}],"curies":[{"name":"wp","href":"https:\/\/api.w.org\/{rel}","templated":true}]}}